)) a prime number?
True
Let u = 27 - -6. Is u composite?
True
Let h(s) = -s**3 + 2*s**2 + 4*s. Let r be h(3). Suppose -r*d + w = -20, 0*d + 4*d - 5*w - 23 = 0. Is d a composite number?
False
Let m = 1060 + -171. Is m composite?
True
Suppose x = -3*x - 8. Let f(n) = -2*n**2 - 3*n - 1. Let y be f(x). Let q(o) = -55*o - 2. Is q(y) composite?
False
Is (-16 - -17)/(1/907) a composite number?
False
Suppose p = 2*p. Let b(w) = w**3 + w**2 + 259. Is b(p) a prime number?
False
Let f(s) = -13*s - 9. Let g(z) = z - 1. Let j(a) = f(a) - 2*g(a). Is j(-6) composite?
False
Let w = -74 - -27. Let z = 36 - w. Is z a prime number?
True
Let m = 350 - 250. Is m/36 - (-2)/9 composite?
False
Let g(p) = -473*p + 23. Is g(-4) a composite number?
True
Suppose 2*o - 4*a + 134 = 0, 0 = o - a - 6 + 69. Let j = o + 96. Is j a prime number?
True
Suppose 3*m + 405 = 4*m + 4*d, d + 1983 = 5*m. Is m a composite number?
False
Suppose -h + 380 = q, 2*h - 4*q - 407 = 359. Is h composite?
True
Let p(o) = -o**3 + 8*o**2 - 5*o - 9. Let w be p(7). Let h be 1 + (-6)/(-3) + w. Suppose 4*x - h*x + 52 = 0. Is x prime?
True
Let u = 10 + -6. Suppose 0*l + u*l - 508 = 0. Is l a prime number?
True
Suppose 4*m + 83 - 235 = 0. Is m a composite number?
True
Let y be 1 - -1 - 6/(-3). Suppose 0*h = y*h. Suppose -4*v + 0*v = -5*a - 123, -5*v + a + 180 = h. Is v composite?
False
Let f be ((-8)/(-10))/(10/(-2075)). Let q = -117 - f. Is q composite?
True
Let r(h) = 2*h - 14. Suppose -7 = -5*j + 18. Suppose w - 3*f - 4 = 0, 29 + 13 = j*w - 4*f. Is r(w) composite?
True
Suppose -4 = 3*q + 2*p, -5*p + 0*p = q + 10. Let d(g) = g**3 - 7*g**2 + 2*g + 5. Let m be d(6). Let l = q - m. Is l prime?
True
Let l(o) = o**2 - 3*o + 1. Let j be l(3). Let q be (3/(-5))/(j/(-5)). Suppose -2*g - y + 128 = 0, -3*g - 85 = -q*y - 286. Is g composite?
True
Suppose -4*s = 3*q - 21468 - 1037, 0 = -q - 3*s + 7495. Is q a composite number?
False
Let s(i) = i + 6*i - 8*i + 5. Let t be s(5). Suppose -p + 4 = t, n - 4*p - 150 = -39. Is n prime?
True
Suppose 6294 = 26*l - 20*l. Is l composite?
False
Suppose 16*g = 13*g + 13857. Is g a prime number?
False
Is (1 + (-5)/2)*-14 composite?
True
Suppose 3*h - 232 = 383. Let k = h - 109. Suppose -5*z = -0*a - 4*a + 51, 4*a + 4*z = k. Is a composite?
False
Let s(c) = 2*c**3 + 2*c**2 - c. Let w be s(1). Suppose -w*h = 0, -172 = -4*q - 3*h - 0*h. Is q composite?
False
Let i = 385 - 602. Let j = i + 304. Is j a prime number?
False
Suppose c - 1291 = -3*m - 2*m, -5*m + 3*c = -1307. Is m composite?
True
Is 0/2 + (-4143)/(9/(-3)) composite?
False
Let y = -57 - -81. Suppose -5*i = 2*q - 45, 3*i = -i - 4*q + y. Let v = i - 7. Is v a prime number?
False
Let f(a) = a**3 + a**2 - 3. Let y be f(3). Suppose -30 = -0*h - 5*h. Suppose h*z = 3*z + y. Is z a prime number?
True
Let r be -5 + 2 - -5*1. Suppose -135 = -r*d + 119. Is d composite?
False
Suppose -5*c = 1 - 11. Suppose 3*i = c*i + 33. Is i composite?
True
Let d = 88 - -133. Is d prime?
False
Suppose 0 = 3*j - 5*j. Suppose j = -4*z + 9*z - 35. Let x = z - -12. Is x a prime number?
True
Suppose 0 = -q + 68 + 19. Suppose -2*o - 13 = -q. Is o composite?
False
Suppose 1 - 5 = -u - 4*w, 2*u = -5*w + 5. Suppose 5*n = -5*o - u*n + 75, 5*n + 115 = 5*o. Is o composite?
False
Is (-1122)/(-51)*2/4*157 a prime number?
False
Suppose -2*f = 22 + 40. Is 0/(-2) - (0 + f) prime?
True
Let h = -23 + 25. Is 1*-14*(-19)/h a composite number?
True
Suppose -q + 1 = -2. Suppose -q*f + 104 + 70 = 0. Is f prime?
False
Let u be (5/15)/(1/6). Is 1 - 18/(u + -3) a prime number?
True
Let k be (-1 - 0) + (-6)/3. Let c = -3 - k. Let b(r) = r**2 + r + 6. Is b(c) a composite number?
True
Let s = 12 + 41. Is s prime?
True
Let d = 149 + -23. Let l = d + -88. Is l a prime number?
False
Let a = 226 + -983. Suppose -j + 4*f = -2*j - 508, 3*j - 3*f = -1464. Let l = j - a. Is l a prime number?
False
Let i be 14/(18/(-22) + 1). Let y = -44 + i. Is y a prime number?
False
Is (-32220)/(-27) - (-2)/(-6) composite?
False
Let w = 3 - 9. Let p be (-4)/2 - (w + 0). Suppose 0 = 2*x + p, o - 3*o + 38 = 4*x. Is o a prime number?
True
Let x = 6 - 4. Suppose 0*z + 3*t = -z + 4, x = 2*t. Is (-1)/z*-37*1 a composite number?
False
Is (-2074)/(-3) - (-13)/(-39) prime?
True
Let y(q) = -9*q**2 - 3 + 5 - q**3 - 15*q + 0*q**2. Is y(-11) prime?
True
Let x(u) = -26*u**3 - 4*u**2 - 5*u - 4. Is x(-3) composite?
False
Suppose -2*r + 4*z + 2 = 0, -3*r + 3 = -4*z + 4. Let q = r - -5. Is (552/16)/(q/4) prime?
False
Suppose -k + 3*v + 77 = 0, 0*k + 114 = 2*k + 4*v. Is k a prime number?
False
Is (-128 + 2 + -1)/(-1) prime?
True
Let w = -124 + 191. Is w a composite number?
False
Let x(a) = -a**2 - 6*a - 6. Let r be x(-4). Suppose -r*y + 5*m = m - 38, -113 = -5*y + 4*m. Is y prime?
False
Suppose -4*d + 2*a = -a - 149, -4*a + 4 = 0. Suppose m + 108 = -3*m. Let j = d + m. Is j composite?
False
Suppose -l + 177 = 2*l. Is l a prime number?
True
Let g(x) = -x**3 - 4*x - 10. Let s(c) = c**3 + c**2 + 4*c + 9. Let n(f) = -4*g(f) - 5*s(f). Let l be n(-4). Let v(p) = -19*p + 2. Is v(l) composite?
False
Let m(h) = 4*h**3 - 7*h + 9. Is m(4) composite?
True
Let k(d) = -d**3 + 2*d**2 + d - 2. Let i be k(2). Suppose x - 23 = -w, i*x + w + 21 = x. Is x composite?
True
Let l(g) = 2*g - g**3 + 4*g - g**2 - 4 - 3*g + 2. Is l(-3) a prime number?
True
Suppose -238 = -b + 5*k + 98, -4*b - k + 1323 = 0. Is b prime?
True
Let f = 146 - 59. Is f a prime number?
False
Is (-1557)/(-3) + 4 - 2 a composite number?
False
Let l(f) = -f**2 - 6*f. Let i be l(-6). Suppose i*k - 395 = -5*k. Is k a prime number?
True
Suppose -15*v + 1772 = -11*v. Is v composite?
False
Let r(t) = t**3 + 10*t**2 + t + 6. Is r(-7) a prime number?
False
Let o(t) = t**3 - 9*t**2 - t. Let d be o(9). Let k = d + 56. Is k a prime number?
True
Let r(k) = k**2 - 9*k + 9. Let h be r(10). Suppose -h = -2*s + s. Is s a prime number?
True
Suppose -2*n = -0*n - 14. Is 374/n - 21/49 a composite number?
False
Suppose -5*o = -r + 130, 4*r - 448 = -6*o + 2*o. Is r prime?
False
Suppose 0 = 4*x - 9 - 3. Suppose -5*p + 429 = 4*g - 0*g, -x = p. Is g a prime number?
False
Let h(n) = 5*n - 6. Let f(x) = -x**2 + 10*x - 12. Let r(b) = -4*f(b) + 7*h(b). Is r(-5) prime?
True
Let q(u) = u**2 - 1. Let n be q(-3). Let j = 66 + n. Is j a composite number?
True
Let j(k) = -4*k**2 + 11*k - 4. Let f(g) = -3*g**2 + 7*g - 3. Let z(m) = -7*f(m) + 5*j(m). Let x be z(-7). Let h(u) = u**3 - 4*u**2 - 12*u + 3. Is h(x) prime?
True
Let m = 466 - 275. Is m a prime number?
True
Let x(t) = -t**3 + 14*t**2 - 12*t + 17. Is x(12) prime?
False
Let j(z) = 136*z + 1. Let p be j(-3). Let v = -280 - p. Is v a prime number?
True
Let p = -4 + 6. Suppose -5*i - 93 = -u - 19, 4*i - 162 = -p*u. Is u a composite number?
False
Let a be -1 + 2 + (-2)/(-2). Suppose a*t - 99 + 5 = 0. Suppose i = -0*i + t. Is i composite?
False
Suppose 5*b - 1974 = 271. Is b prime?
True
Let g(h) = -h - 14. Let w be g(-7). Let t be 16/(-56) + (-9)/w. Is 6/(-18)*(t - 43) a composite number?
True
Suppose -c + 4*a - 12 = c, -3*a = 5*c + 43. Let i be ((-30)/c)/((-1)/(-4)). Suppose 0 = -3*x - h + 6*h + 34, i = -3*h. Is x prime?
True
Let g = -4 - -7. Suppose -g*x = -4*u + 153, -4*u + 183 = x + 2*x. Suppose 0 = 3*w - 69 - u. Is w a composite number?
False
Let n be ((-10)/4)/(3/(-6)). Suppose 0*f + n*f = 295. Is f a composite number?
False
Let g(o) = 50*o + 9. Let t be g(-8). Let h = t + 614. Is h a composite number?
False
Let d(k) = 610*k**2 + 6*k + 7. Is d(-2) composite?
True
Suppose -4*c + 6 - 28 = -u, 3*u - 3*c = 21. Suppose 5*h + 5 = 3*j, 4*h - u*h = -4*j + 24. Suppose 0 = -0*y + h*y - 26. Is y composite?
False
Is (0 - (-914)/3) + 1/3 composite?
True
Let p = -1 - -2. Let l be 5*(p*-2)/2. Is (l/3)/(1/(-6)) a prime number?
False
Let c = 11 + 4. Suppose s + 15 = 3*m, -3*m + s + c = -2*s. Suppose 419 = 2*f + m*o, 4*f + o - 377 = 488. Is f a composite number?
True
Suppose 2 = -4*s - 6. Let i be ((-4)/1)/(-2*1). Is (12 - s)*11/i a prime number?
False
Is (-770)/(-3) + 11/33 prime?
True
Let f be 0 + 3 + (-2)/2. Suppose -f*o + 2 = -2. Suppose 2*z - 191 = -2*z - r, -o*r = z - 53. Is z a prime number?
True
Is (-2)/12 + 957/18 a composite number?
False
Suppose n + 2*n = 12. Is 2/4 + 1418/n composite?
True
Let f = -1250 + 4453. Is f a prime number?
True
Suppose 0 = 